{"id":14,"date":"2013-10-21T16:24:11","date_gmt":"2013-10-21T16:24:11","guid":{"rendered":"http:\/\/pixel-industry.com\/dummy_wp\/metropolis\/?page_id=14"},"modified":"2024-05-06T11:54:21","modified_gmt":"2024-05-06T16:54:21","slug":"contacto","status":"publish","type":"page","link":"https:\/\/www.diresaapurimac.gob.pe\/web\/contacto\/","title":{"rendered":"Contactos"},"content":{"rendered":"[vc_row][vc_column width=&#8221;2\/3&#8243;][vc_column_text][\/vc_column_text][vc_single_image image=&#8221;3483&#8243; img_size=&#8221;full&#8221;][\/vc_column][vc_column width=&#8221;1\/3&#8243;][vc_single_image image=&#8221;3488&#8243; img_size=&#8221;full&#8221;][vc_empty_space height=&#8221;60px&#8221;][vc_column_text]\n<h5><\/h5>\n<h5>Informaci\u00f3n de Contacto:<\/h5>\n<ul>\n<li><strong>Direcci\u00f3n:<\/strong> Av. Daniel Alcides Carri\u00f3n S\/N Abancay \u2013 Apur\u00edmac \u2013\u00a0 Per\u00fa<\/li>\n<li><\/li>\n<li><strong>Central Telf.:<\/strong> (083) 321117<\/li>\n<li><\/li>\n<li><strong>Correo E:<\/strong> info@diresaapurimac.gob.pe<\/li>\n<\/ul>\n<div class=\"elementor-element elementor-element-tteu7lh elementor-widget elementor-widget-heading\" data-id=\"tteu7lh\" data-element_type=\"widget\" data-widget_type=\"heading.default\">\n<div class=\"elementor-widget-container\"><\/div>\n<\/div>\n<div class=\"elementor-element elementor-element-7bux4kf elementor-widget elementor-widget-text-editor\" data-id=\"7bux4kf\" data-element_type=\"widget\" data-widget_type=\"text-editor.default\">\n<div class=\"elementor-widget-container\">\n<div class=\"elementor-text-editor elementor-clearfix\"><\/div>\n<\/div>\n<\/div>\n[\/vc_column_text][\/vc_column][\/vc_row][vc_row][vc_column][vc_column_text]<span style=\"color: #313131; font-family: Roboto; font-size: 16px; font-weight: bold;\">HORARIO DE TRABAJO<\/span><\/p>\n<div class=\"elementor-element elementor-element-7bux4kf elementor-widget elementor-widget-text-editor\" data-id=\"7bux4kf\" data-element_type=\"widget\" data-widget_type=\"text-editor.default\">\n<div class=\"elementor-widget-container\">\n<div class=\"elementor-text-editor elementor-clearfix\">\n<div>Lunes \u2013 Viernes:<\/div>\n<div>\n<div>\u00a07:30 \u2013 15:30<\/div>\n<div><\/div>\n<\/div>\n<\/div>\n<\/div>\n<\/div>\n[\/vc_column_text][\/vc_column][\/vc_row]\n","protected":false},"excerpt":{"rendered":"<p>[vc_row][vc_column width=&#8221;2\/3&#8243;][vc_column_text][\/vc_column_text][vc_single_image image=&#8221;3483&#8243; img_size=&#8221;full&#8221;][\/vc_column][vc_column width=&#8221;1\/3&#8243;][vc_single_image image=&#8221;3488&#8243; img_size=&#8221;full&#8221;][vc_empty_space height=&#8221;60px&#8221;][vc_column_text] Informaci\u00f3n de Contacto: Direcci\u00f3n: Av. Daniel Alcides Carri\u00f3n S\/N Abancay \u2013 Apur\u00edmac \u2013\u00a0 Per\u00fa Central Telf.: (083) 321117 Correo E: info@diresaapurimac.gob.pe [\/vc_column_text][\/vc_column][\/vc_row][vc_row][vc_column][vc_column_text]HORARIO DE TRABAJO Lunes \u2013 Viernes: \u00a07:30 \u2013 15:30 [\/vc_column_text][\/vc_column][\/vc_row]<\/p>\n","protected":false},"author":1,"featured_media":0,"parent":0,"menu_order":0,"comment_status":"closed","ping_status":"closed","template":"","meta":{"spay_email":"","footnotes":""},"class_list":["post-14","page","type-page","status-publish","hentry"],"_links":{"self":[{"href":"https:\/\/www.diresaapurimac.gob.pe\/web\/wp-json\/wp\/v2\/pages\/14","targetHints":{"allow":["GET"]}}],"collection":[{"href":"https:\/\/www.diresaapurimac.gob.pe\/web\/wp-json\/wp\/v2\/pages"}],"about":[{"href":"https:\/\/www.diresaapurimac.gob.pe\/web\/wp-json\/wp\/v2\/types\/page"}],"author":[{"embeddable":true,"href":"https:\/\/www.diresaapurimac.gob.pe\/web\/wp-json\/wp\/v2\/users\/1"}],"replies":[{"embeddable":true,"href":"https:\/\/www.diresaapurimac.gob.pe\/web\/wp-json\/wp\/v2\/comments?post=14"}],"version-history":[{"count":29,"href":"https:\/\/www.diresaapurimac.gob.pe\/web\/wp-json\/wp\/v2\/pages\/14\/revisions"}],"predecessor-version":[{"id":8328,"href":"https:\/\/www.diresaapurimac.gob.pe\/web\/wp-json\/wp\/v2\/pages\/14\/revisions\/8328"}],"wp:attachment":[{"href":"https:\/\/www.diresaapurimac.gob.pe\/web\/wp-json\/wp\/v2\/media?parent=14"}],"curies":[{"name":"wp","href":"https:\/\/api.w.org\/{rel}","templated":true}]}}